factor of 3052 and 51033364?
436
Calculate the highest common divisor of 445570058 and 94.
94
Calculate the greatest common factor of 6324057 and 45621.
1233
What is the highest common divisor of 296 and 332007512?
296
What is the greatest common divisor of 37 and 183476118?
37
What is the highest common divisor of 1689331 and 7574?
7
Calculate the greatest common divisor of 304 and 164863.
19
What is the highest common factor of 2847 and 62830443?
2847
Calculate the greatest common factor of 21 and 3614917152.
21
Calculate the greatest common factor of 306855 and 20280.
15
What is the highest common factor of 4303852 and 1312?
164
What is the highest common divisor of 7362443 and 418?
209
What is the greatest common divisor of 51014951 and 1248?
13
Calculate the greatest common divisor of 93890 and 3810560.
2290
Calculate the highest common divisor of 1761851396 and 62.
62
What is the highest common factor of 7551 and 3648811?
839
What is the highest common factor of 1021526 and 225262?
118
Calculate the highest common divisor of 19835560 and 140.
20
Calculate the highest common factor of 62384179 and 286.
143
Calculate the highest common divisor of 58605 and 7695.
15
What is the highest common factor of 153720 and 133?
7
Calculate the greatest common divisor of 98680497 and 1489.
1489
Calculate the greatest common factor of 13157543 and 886.
443
Calculate the greatest common factor of 16186232 and 41032.
1784
Calculate the greatest common factor of 3229304 and 1248.
104
Calculate the highest common factor of 4237191 and 5565.
1113
Calculate the highest common factor of 11024 and 463697.
689
Calculate the greatest common divisor of 226586 and 303887.
409
What is the greatest common divisor of 919619 and 9253?
19
Calculate the greatest common factor of 2607 and 52912541.
869
What is the greatest common factor of 2162088 and 2172?
12
What is the greatest common divisor of 2001 and 7538181?
69
What is the highest common factor of 5134 and 15800942?
302
What is the highest common divisor of 361 and 2197711?
19
What is the highest common divisor of 6056113 and 21?
7
Calculate the greatest common factor of 962885185 and 53.
53
What is the greatest common factor of 766844 and 6604?
52
Calculate the greatest common divisor of 372 and 6238564.
124
What is the highest common divisor of 162 and 125048205?
81
What is the greatest common factor of 22510 and 8810?
10
What is the greatest common factor of 96 and 30942?
6
Calculate the greatest common divisor of 4982 and 24615479.
53
What is the highest common divisor of 4304 and 10616?
8
What is the highest common factor of 10737 and 72070323?
3579
Calculate the highest common divisor of 10236486 and 39.
39
What is the highest common divisor of 6132482 and 31?
31
What is the greatest common factor of 25 and 2798015?
5
Calculate the greatest common factor of 291 and 19395.
3
Calculate the greatest common divisor of 2416886 and 69.
23
Calculate the highest common factor of 364 and 81318068.
52
Calculate the highest common divisor of 13 and 330724147.
13
Calculate the greatest common factor of 14584375 and 1475.
25
Calculate the greatest common factor of 375947 and 10527.
121
Calculate the greatest common divisor of 29040 and 550320.
240
What is the highest common divisor of 11320 and 1306328?
2264
What is the greatest common factor of 87 and 12808343?
29
Calculate the greatest common divisor of 2482 and 314989379.
1241
Calculate the highest common factor of 1619 and 139109337.
1619
What is the greatest common divisor of 88 and 313662844?
44
Calculate the highest common factor of 10922 and 129946.
86
Calculate the highest common divisor of 245 and 1937355.
35
Calculate the highest common factor of 812812 and 103488.
2156
What is the highest common factor of 821 and 8695211?
821
What is the highest common divisor of 285253 and 183883?
109
What is the highest common factor of 14003 and 5093407?
737
Calculate the greatest common divisor of 16 and 113169184.
16
What is the greatest common factor of 189534 and 9525612?
6114
What is the highest common factor of 7438605 and 930?
465
Calculate the greatest common factor of 734010940 and 10140.
3380
Calculate the highest common factor of 437408 and 3328.
32
What is the greatest common factor of 564900348 and 1308?
1308
Calculate the highest common factor of 2484 and 3890841.
69
Calculate the greatest common factor of 283437 and 168099.
1227
What is the highest common divisor of 32870 and 99718930?
1730
Calculate the highest common divisor of 21588572 and 16048.
4012
What is the highest common factor of 47794 and 35326?
2078
Calculate the highest common factor of 5155251 and 174816.
1821
What is the greatest common factor of 14588 and 328751?
521
Calculate the greatest common factor of 390438 and 2604114.
3582
Calculate the highest common factor of 123 and 36040353.
123
Calculate the highest common divisor of 1694545648 and 16.
16
What is the highest common factor of 242502 and 6474?
78
What is the highest common factor of 282663 and 1390572?
3249
Calculate the greatest common divisor of 130095 and 34545.
735
Calculate the highest common divisor of 198 and 21706410.
66
What is the greatest common factor of 4854808 and 10752?
56
Calculate the greatest common factor of 213794425 and 975.
325
Calculate the greatest common divisor of 7792 and 19015889.
487
Calculate the greatest common divisor of 1335637248 and 528.
528
Calculate the greatest common factor of 27 and 9459999.
9
Calculate the greatest common factor of 46466407 and 123.
41
What is the highest common factor of 179709 and 79809?
111
What is the greatest common factor of 2427 and 1231981605?
2427
What is the highest common divisor of 7193571 and 1293171?
4917
What is the highest common divisor of 90255588 and 698?
698
What is the greatest common divisor of 1771431168 and 9984?
9984
Calculate the highest common divisor of 99327847 and 5755.
1151
What is the highest common factor of 2500 and 55325?
25
Calculate the highest common divisor of 48 and 72873648.
48
What is the highest common divisor of 9826 and 43001466?
578
What is the highest common divisor of 1696 and 1135488?
32
What is the highest common divisor of 901696 and 1387?
73
What is the highest common factor of 1197 and 1111238541?
1197
Calculate the greatest common divisor of 234 and 16947086.
26
What is the greatest common divisor of 324 and 457848?
36
What is the greatest common divisor of 11596 and 581584?
892
What is the highest common factor of 188372268 and 29988?
1764
What is the greatest common factor of 43840733 and 38?
19
What is the greatest common divisor of 8169007 and 462?
77
Calculate the highest common divisor of 10010 and 43168840.
1430
What is the greatest common divisor of 118046 and 2?
2
Calculate the highest common divisor of 362 and 360673813.
181
What is the highest common factor of 155 and 22023?
1
Calculate the greatest common factor of 4018260 and 14580.
60
What is the highest common divisor of 1538352 and 684?
36
Calculate the greatest common factor of 47866335 and 495.
165
Calculate the greatest common divisor of 452 and 663837484.
452
Calculate the greatest common divisor of 59349 and 717.
3
Calculate the greatest common factor of 60 and 402258140.
20
What is the highest common factor of 18060747 and 2895?
579
Calculate the highest common divisor of 19531863 and 8424.
117
Calculate the highest common divisor of 47165142 and 8226.
2742
What is the greatest common factor of 2268468 and 139446?
1098
What is the greatest common divisor of 307840 and 57590?
130
What is the highest common divisor of 78084 and 3746586?
1446
Calculate the greatest common factor of 36233919 and 918.
459
Calculate the greatest common divisor of 1047550 and 1225.
175
Calculate the greatest common divisor of 31 and 121867.
1
Calculate the highest common divisor of 56 and 299906404.
28
What is the greatest common factor of 120 and 36663290?
10
Calculate the highest common divisor of 161811 and 2265003.
351
Calculate the highest common divisor of 3155884970 and 1610.
1610
What is the greatest common factor of 86963538 and 163599?
7113
What is the greatest common divisor of 108784 and 20488?
104
Calculate the greatest common divisor of 7872122 and 170.